 c and h.
19
Let m(a) = a**2 - 61*a - 28. Let o be m(67). What is the highest common factor of o and 493?
17
Let r be 2/(-10)*344 - (-7)/(-35). Let b = r + 76. Let p(c) = c**3 + 8*c**2 + 6*c. Let o be p(-7). Calculate the highest common factor of o and b.
7
Let x be ((-76)/6)/(9 + (-623)/69). What is the highest common divisor of 621 and x?
23
Let z(r) = r**2 + 7*r + 4. Let q be z(-7). Suppose q*d - 141 - 299 = 0. Let x be -2*14/(-8)*(-40)/(-14). What is the highest common divisor of x and d?
10
Let d(j) = 8*j + 339. Let b be d(-42). Suppose -2*r - 5*g + 930 = 0, 4*g = -2*r - b*r + 2359. Calculate the greatest common factor of 75 and r.
25
Let c = 226 + -103. Suppose c + 157 = h. Let d(t) = -t**3 + 31*t**2 + 34*t - 24. Let z be d(32). Calculate the highest common divisor of h and z.
40
Let k be -7 - (-230 - (-5 - -10*(-8)/(-20))). What is the greatest common factor of k and 204?
6
Let q be -78*(-3 - (-2 - 0)). Let b be (-100 - -1)*(-507)/143. Calculate the highest common factor of b and q.
39
Suppose -5*n = -3*m + 15249, 2*m - 8707 - 1415 = -4*n. What is the highest common factor of m and 2136?
267
Let u(d) = 18*d + 682. Let k be u(-34). Calculate the highest common factor of 2905 and k.
35
Let x be 75/525 + (-334)/(-14). Suppose 23*k - x*k + 16 = 0. What is the greatest common factor of 112 and k?
16
Let u = 471 + -467. Suppose -14*d = -8*d - 24. Calculate the highest common divisor of d and u.
4
Suppose -5*y + 315 = -y - 3*g, -5*g + 15 = 0. Let m be 60/(-210) + 201/(-7). Let w = 38 + m. What is the highest common factor of w and y?
9
Suppose -5*m + 5*g = -2 - 3, 4*m + 20 = -2*g. Let u be 4/(4 - 352/90). Let c = u + m. Calculate the highest common divisor of 28 and c.
14
Let n = -111 + 123. Let a be ((-15)/n)/((-10)/40). What is the highest common divisor of 4 and a?
1
Let o be (-2469)/4 - (-41)/164. Let h = o + 897. Suppose 3*z + 2*z - 200 = 0. What is the highest common divisor of z and h?
40
Suppose -73*r = -8 - 75 + 10. What is the highest common factor of 1193 and r?
1
Suppose -148*q - 10101 = -30081. Calculate the highest common divisor of 205 and q.
5
Let x be 2186*13 + ((-4)/(-6))/((-12)/(-54)). Calculate the greatest common factor of 97 and x.
97
Suppose 2*h + 3*h - 892 = -t, 4*t - h - 3484 = 0. Let v = 924 - t. Calculate the highest common factor of 208 and v.
52
Let z(m) = 4*m - 33. Let o be z(9). Suppose -t + 2 = -4*s, -o*t + 7*s = 3*s - 30. What is the greatest common factor of t and 1?
1
Suppose -664 = -a - 2*d, 0*d = -d - 1. Calculate the highest common divisor of 144 and a.
18
Let f be (-1 - 1)*(-4)/(-16)*4. Let z be (6 - 3 - (-3)/(-1))/f. Suppose -s - 5 = -z*s + 2*r, 3*r + 24 = 4*s. What is the greatest common factor of 3 and s?
3
Let t(z) = 12*z**2 - 3*z - 1. Let b be t(-3). Let y be (-1)/1 - -6 - -10*144/60. What is the greatest common divisor of b and y?
29
Let g(l) = -225*l - 2488. Let x be g(-103). Calculate the highest common divisor of x and 151.
151
Suppose -a - 4 = t - 3*a, 3*a = -t - 19. Let h = -437 + 430. Let w be t/(-5) + -5 - h. Calculate the highest common divisor of 44 and w.
4
Let a be 92/20 - 9/(-15)*-1. Suppose -2*u + 4*c + 246 = 3*u, -c = a*u - 201. What is the greatest common factor of u and 30?
10
Let d be (-445675)/(-75) + 52/(-39). What is the greatest common factor of d and 65?
13
Suppose 4*y = -22 - 6. Let d be (-1)/((-21)/(-810))*1*y. Suppose 74 = -4*t + d. Calculate the greatest common divisor of t and 7.
7
Let b be (40/(-60))/(4/(-138)). Let y(z) = -z**2 + 21*z - 31. Let v be y(18). Suppose -979 = v*u - 4682. Calculate the highest common divisor of u and b.
23
Let a(v) = v**2 - v + 1. Let b(m) = 22*m**2 - 3*m - 4. Let l(t) = 6*a(t) + b(t). Let h be l(2). What is the greatest common divisor of 168 and h?
24
Suppose 8*n - 9*n = -21*n + 2500. Calculate the greatest common factor of n and 2.
1
Let i be 1 + 48/(-27) + 4/(-18). Let h be i/3 + 3872/96. Suppose -n - 2*w + h = 0, 0*w + w - 41 = -n. What is the greatest common divisor of 105 and n?
21
Suppose -4*h - 37*b = -33*b - 2036, 3*h - 6*b = 1518. Calculate the greatest common factor of h and 12.
4
Suppose -66 = -7*b + 116. Suppose -31*p = -b*p - 150. Calculate the greatest common divisor of 6 and p.
6
Let i be 3*8 - (-45 - -49). Let k(o) = o**3 + 4*o**2 - 4*o + 2. Let u be k(-5). Let h be u/2*(-16)/3. Calculate the greatest common divisor of h and i.
4
Suppose -10*a + 23*a - 129 = -30*a. What is the greatest common divisor of a and 62?
1
Suppose -10*x + 9 - 49 = 0. Let f be (3 - 267/(-3))*6/x. Let c be f/(-5) + (-30)/(-75). What is the highest common divisor of 140 and c?
28
Let q be -12*(-6)/40 - (-2)/10. Suppose m = 3*j + 54, 4*m - j = -q*j + 242. What is the greatest common factor of m and 45?
15
Let i be (-69 - -90) + -2*4*-1. What is the highest common factor of i and 13?
1
Let w(z) = 25*z**2 + 3548*z - 278. Let v be w(-142). Calculate the greatest common divisor of 878 and v.
2
Let j = -130409 + 186479. What is the highest common factor of j and 210?
210
Let l be 280/252 - 9430/(-18). What is the highest common divisor of l and 60?
15
Suppose -6*y + 3*y - s + 4 = 0, 2*y - 4*s = -16. Suppose y = -5*v, -9*v + 39 = 3*k - 13*v. Calculate the highest common factor of 13 and k.
13
Suppose 3*t - 2*l = 38, -t + l = -2*t + 6. Let x(a) = -a**3 + 7*a**2 + 4*a + 65. Let d be x(0). Calculate the highest common divisor of t and d.
5
Suppose -2*y = -2*i + 12, 57*i - 3 = 60*i + 4*y. What is the greatest common divisor of i and 6261?
3
Let p(a) = -2*a + 4. Let f be p(0). Suppose 4*w = 23*w - 589. Suppose -w*v = -33*v + 12. What is the highest common divisor of v and f?
2
Let m(a) be the first derivative of a**3/3 + 2*a**2 - 21*a - 22. Let c be m(7). Calculate the greatest common divisor of c and 140.
28
Suppose 8*h - 4*r = 5*h + 35, -2 = -2*r. Let g = h - -64. What is the highest common factor of 33 and g?
11
Let r be (-4)/6*9/(-1). Suppose r*t - 25 = t. Let h be 525/50 + (-18)/36. Calculate the highest common factor of h and t.
5
Suppose 1664 = -7*x - 387. Let w = x + 303. Let i = 37 - 17. What is the greatest common divisor of w and i?
10
Let b be (512/(-48) - -10)*53*(-102)/4. Calculate the greatest common factor of 17 and b.
17
Suppose 2*x - 5 = 1. Let m be 88/16 - 1/2. Let y be (-18)/90 - (-166)/m. Calculate the highest common divisor of x and y.
3
Suppose -5*p + 41 = -0*x - x, p - 3 = -5*x. Suppose 0 = -23*s + 21*s - p. Let l be s/12 - 258/(-18). What is the greatest common factor of 112 and l?
14
Let v(j) = -6*j**2 - 52*j + 108. Let i(k) = 2*k**2 + 17*k - 36. Let u(t) = -11*i(t) - 4*v(t). Let n be u(-16). What is the highest common divisor of n and 60?
20
Let w(y) be the first derivative of -11 + 2*y**2 + 16*y + 1/3*y**3 - 1/4*y**4. Let h be w(-4). What is the highest common divisor of h and 16?
16
Suppose 45*c + 28*c - 242 = 196. Let z(t) = -7*t**3 + 3*t + 2. Let p be z(-1). What is the greatest common factor of c and p?
6
Let p be -134 + 1*((-18)/(-6) - -2). Let u = p - -459. What is the greatest common divisor of 30 and u?
30
Let m = 59 - 48. Suppose 3*i + 8*a - 556 = 9*a, a - 940 = -5*i. What is the highest common factor of i and m?
11
Let i = -116 - -184. Suppose 5*s - u - 192 - i = 0, 4*u + 86 = 2*s. What is the highest common divisor of 954 and s?
53
Let g(u) be the first derivative of 10*u**2 - 32*u - 48. Let h be g(5). What is the greatest common factor of h and 306?
34
Let n(g) = -g**3 + 84*g**2 - 140*g - 40. Let t be n(82). What is the highest common factor of t and 8?
8
Let g be 2/(3 + (-1)/1). Let s be (g/3)/(1/24) + 4. Suppose -36 = -2*t - t. Calculate the highest common factor of t and s.
12
Let l = 61 - 36. Let u(p) = -31*p + 5*p - p + 12*p - 230 - 25*p. Let z be u(-6). What is the greatest common divisor of z and l?
5
Suppose 19*g = 14*g + 3155. Suppose -147 = 4*b - g. Let f = 154 + -143. What is the highest common divisor of f and b?
11
Let s = 8054 + -7599. Let h = -89 + 154. What is the greatest common factor of s and h?
65
Let s = 9806 - 9473. What is the highest common divisor of 198 and s?
9
Let n be 1 + 3 + 4*(-4)/16. Suppose -2*z - 4 = -52. Suppose 4*c + 0*c = -2*o + z, -o + 12 = -4*c. Calculate the highest common factor of n and o.
3
Suppose 5*v = 22 + 18. Let h(k) = -k**2 + 7*k + 12. Let d be h(v). Let u = -53 + 81. What 